e 0 = -5*s - 77*s + 50020. What are the prime factors of s?
2, 5, 61
Let k(z) = -z**3 - 7*z**2 - 8*z - 12. Let j be k(-6). Suppose 4 = -4*w + 6*w, 5*q + 5*w - 2135 = j. What are the prime factors of q?
5, 17
Let l(j) = j**2 - 16*j + 37. Let k be l(3). List the prime factors of 71544/84 + k/(-7).
2, 3, 71
Suppose 16 - 6 = -r. Let w be (-27)/(-5) + 4/r. Suppose 6*l = w*l + 96. List the prime factors of l.
2, 3
Let w(k) = 9278*k - 5*k**2 - 5 - 15 - 3 - 9276*k + 2*k**2 + 19*k**3. What are the prime factors of w(4)?
1153
Let h(r) = -32*r - 12. Let k be 3/((-15)/10)*(-6)/(-4). Let p be 37/(-7) + ((-18)/21)/k. List the prime factors of h(p).
2, 37
Suppose 0 = -43*r - 293854 + 1018576. List the prime factors of r.
2, 3, 53
List the prime factors of 6146 + (-4 - -4) + (4 - 8)/(-4).
3, 683
Suppose -2070149 = -104*r + 772541 - 132346. What are the prime factors of r?
3, 7, 17, 73
Let u = 944 - 53. Suppose 63 + u = 3*b. List the prime factors of b.
2, 3, 53
Let z(s) = -67*s**2 - 15*s + 4. Let b be z(5). Let p = b - -2502. Suppose -2*m - 3*m = 3*v - 945, -2*v - p = -4*m. List the prime factors of m.
3, 7
Suppose -247672 = 17*y - 21*y - 2*h, 0 = 2*y - 3*h - 123852. List the prime factors of y.
2, 3, 5, 43
Let o(s) = s**2 + 19*s + 47. Let l be o(30). Suppose -8*b + l = -1339. List the prime factors of b.
3, 7, 17
Let x be 50*(5 - 63/14). List the prime factors of ((-1696)/(-20))/(10/x).
2, 53
List the prime factors of 6546 + 54/(-15)*(-30)/18.
2, 3, 7, 13
Suppose 36*a + 10967 = 47831. What are the prime factors of a?
2
Let m(p) = 184*p**2 - 21*p + 223. List the prime factors of m(8).
11831
Suppose -2*q + 109411 - 20395 = 2*w, -3*q + 4*w = -133482. List the prime factors of q.
2, 3, 7417
Suppose 0 = -5*b - 25, -5*r + 4*b + 32 = -4*r. Let q(o) = 16*o - 31. Let u be q(r). What are the prime factors of (-3)/(15/(-10)) + (u - -3)?
2, 83
Let y = 2700 - 1286. Suppose 10*p = 5*b + 8*p - 2367, -5*p = 3*b - y. List the prime factors of b.
11, 43
Let w = -25 + 37. Suppose -12 - 42 = -6*n. Let p = w + n. List the prime factors of p.
3, 7
Suppose -5*d = -4*d - 2. Suppose -5*l = -4*n + 284, d*l = -2*l + 3*n - 228. What are the prime factors of (l/(-33) - (-4)/22) + 85?
3, 29
Suppose 80 = -5*t - 4*n, t + 1 = -n - 15. What are the prime factors of (34*(-6)/(-10))/(t/(-360))?
3, 17
Let o = 18873 + 7208. What are the prime factors of o?
11, 2371
Let v = 68 + -68. Let c be 0 + 1 + -4 - v. What are the prime factors of -2 + 2365/33 + 2/c?
3, 23
Suppose 17*o + 16*o + 1868 = 420242. List the prime factors of o.
2, 3, 2113
What are the prime factors of 2342 + 24114 - 3*1*-1?
26459
Let m(r) = -185*r + 39. Let b be m(-5). Suppose -6*d - b = -8*d + 4*i, -3*d = -3*i - 1452. What are the prime factors of d?
2, 3
Let r(p) = -2*p**2 - 34*p + 19. Suppose -2*z - 31 = 3*u, 12*z = 5*u + 7*z + 35. List the prime factors of r(u).
163
Let r(t) = -7*t + 30. Let j(u) = 16*u - 77. Let x be j(4). What are the prime factors of r(x)?
11
Let u = -5598 - -7748. What are the prime factors of u?
2, 5, 43
Suppose b + 5*a = 12605, -5*a - 18633 = 5*b - 81758. What are the prime factors of b?
2, 3, 5, 421
Suppose x - 4*v + 3181 = 44599, -3*v + 18 = 0. What are the prime factors of x?
2, 3, 6907
Let p = 289 - -351. What are the prime factors of p?
2, 5
What are the prime factors of 3 + (1 + 4592/35)*295?
2, 19501
Suppose -3*x + 8801 = 5*h, -2*x + 7038 = 4*h - x. Suppose -h + 403 = -4*q. Let n = q - 204. What are the prime factors of n?
3, 5
Let h(p) = 31*p**3 - 6*p**2 - 36*p + 449. What are the prime factors of h(13)?
2, 3, 7, 1597
Let s be 19*(-5)/(10/(-2)). Suppose -s*g - 5656 = -27*g. List the prime factors of g.
7, 101
Let v be (-4)/(-24)*-2 + (-8)/(-6). Let q be ((-1912)/32)/(((-1)/4)/v). Let c = q + -152. List the prime factors of c.
3, 29
Let l(z) = 415*z**2 - 4*z - 5. Suppose 2*y = -5*i + 3, -3*y + 8 + 8 = -4*i. Let r be l(i). Suppose 0 = -10*f + f + r. List the prime factors of f.
2, 23
Suppose -p + 97 = 5*o, -5*o + 0*o = 2*p - 194. Let b = p + 572. List the prime factors of b.
3, 223
Suppose -9*r + 3*y + 561138 = 4*y, 0 = 2*r + 3*y - 124689. List the prime factors of r.
3, 7, 2969
Let i = -22 + 27. Let f be 1/((i/(-30))/(-1)). Suppose 2*y = f*y - 268. List the prime factors of y.
67
Let u = 75101 + -52434. List the prime factors of u.
19, 1193
List the prime factors of 7*-89*((14 - 35) + 8).
7, 13, 89
Suppose -17*s + 5387 = -4184. Let d = s + -387. What are the prime factors of d?
2, 11
Suppose 25*p + 35 - 135 = 0. Suppose a + w = -a + 2161, p*a - 2*w = 4302. List the prime factors of a.
2, 7, 11
Let i(r) = -265*r + 3. Let d be i(-1). Suppose 502 = 2*s - d. Suppose -s = -4*p + q + 158, 0 = -4*p - 2*q + 534. List the prime factors of p.
3, 5
Suppose 0 = 16*d - 17*d - 58*d + 1628695. What are the prime factors of d?
5, 5521
Let g = -653 - -915. Suppose 5450 = 6*j - g. List the prime factors of j.
2, 7, 17
Let t be 114/24 + 3/(-4). Let s be -5*t/40*-4. Suppose 0 = i - s*w - 45, -93 = -5*i - w + 77. List the prime factors of i.
5, 7
Suppose 0*d = -2*d - 10, 545 = 5*r + d. Suppose 0 = -8*h + r + 58. Suppose h*q - 26*q + 375 = 0. List the prime factors of q.
3, 5
Let v(t) = 114*t**3 + 3*t**2 - 5. Let q be -1*20/(-4) - 6/2. What are the prime factors of v(q)?
919
Let r = 455 - 440. Suppose -r*m + 5624 = -3511. List the prime factors of m.
3, 7, 29
Suppose -k = -62 - 4. Suppose 2*p = 2*h - h - k, -219 = -3*h - p. What are the prime factors of h?
2, 3
Suppose -16*k + 12*k = -3*i - 3471, -4*k + 4*i = -3468. List the prime factors of k.
2, 3, 5, 29
Let i = -10774 - -25264. What are the prime factors of i?
2, 3, 5, 7, 23
Let z(w) = 172*w + 94. Let a(o) = -171*o - 91. Let q(g) = 6*a(g) + 5*z(g). What are the prime factors of q(-7)?
2, 3, 181
Let s be ((-688)/(-10))/(4/30). Suppose s = 10*u - 1634. What are the prime factors of u?
5, 43
Suppose 111*b - 47055 - 548030 = 45274. List the prime factors of b.
3, 641
Let g(c) = -718*c - 2522. What are the prime factors of g(-16)?
2, 4483
Let l(w) = 13*w**2 + 7*w + 25. Let x be (-11 - (-1065)/105)/(2/(-21)). List the prime factors of l(x).
7, 163
Suppose 108 = -18*o - 0*o. List the prime factors of 12/72*-4 + (-1480)/o.
2, 3, 41
Suppose 4*q - 268 = -4*f, 50 = 3*q + 5*f - 145. List the prime factors of (-3321)/(-3)*(q/(-15) - -5).
3, 41
Let x = 41 + -37. Suppose 0*y + 5*o + 11 = 2*y, -x*y = -o + 5. What are the prime factors of (y + 14)*(4 - 1)?
2, 3
Let h = 54705 + -12558. List the prime factors of h.
3, 7, 223
Suppose 2*u + 5*u = -3*z + 160653, -4*z + 68835 = 3*u. What are the prime factors of u?
3, 7, 1093
Let j(m) = -m**3 + m**2 - 5*m + 3. Suppose z = 2*i, -2*i = -i + 4*z. Suppose i = -2*q - 2*q - 16. What are the prime factors of j(q)?
103
Let h(x) = -x**2 - 6*x - 5. Let o be h(-9). Let i = 31 - o. Suppose z - i = 4. List the prime factors of z.
67
Let n = 63 + -3. Suppose n*p + 2750 = 71*p. What are the prime factors of p?
2, 5
Let n = 23 + -24. Let h be 36*2 + (n - 1) + -2. Suppose -7*r + 8*r = h. What are the prime factors of r?
2, 17
Let o(b) = -b**3 + 17*b**2 - 12*b + 6. Let j be o(15). Suppose 4*g - 7*g = -j. Suppose -4*z - 20 = -4*k - 196, -2*z = 2*k - g. What are the prime factors of z?
3, 5
Let z be -2*(-10)/(-4) + (4 - -603). Suppose 4*x + 1190 = 7*a - 5*a, a - z = -5*x. List the prime factors of a.
3, 199
Let u(p) = p**2 + 3*p - 11. Let i be u(-6). Suppose 0 = 6*g + 18*g - 1560. Let n = i + g. What are the prime factors of n?
2, 3
Suppose 2*y = 8*y - 66. Suppose 0 = 2*n - s - 0*s, 0 = -3*n - 4*s + y. Suppose -4 = -2*w, w + 9 - n = 5*f. List the prime factors of f.
2
Let m = -130 + 48. Suppose 0 = 135*i + 19720 + 2285. Let t = m - i. What are the prime factors of t?
3
Let g = 7415 + 2804. List the prime factors of g.
11, 929
Let w = -399 - -799. Let h = 86 + w. What are the prime factors of h?
2, 3
Let k = -59 + 62. Suppose -z - 5*c + 192 = 0, k*z - c - 805 = -293. Suppose 2*y = 82 + z. List the prime factors of y.
127
Suppose -2*g + 36 = p, -2*p = -2*g + 2*p + 36. Let q(t) = 21 - 32 + 6*t**2 + g + 2*t. List the prime factors of q(4).
3, 37
Let v be 56/6 - (5/(-3) - -1). List the prime factors of (-40)/(-200) + 1648/v.
3, 5, 11
What are the prime factors of (-2)/((-276)/1012 - (-11521)/42284)?
2, 31
Suppose -9*a = -1157 + 1121. What are the prime fact